l**3 - 1/12*l**4 - 1/60*l**5 + 0 + 0*l + 3*l**2. What is v(-3)?
-7
Suppose -20*z + 62 = 11*z. Let r(p) = -p + 1. Let q(w) = w. Let l(a) = 5*q(a) + 4*r(a). Let f(j) = 3*j + 11. Let k(t) = -6*f(t) + 17*l(t). What is k(z)?
0
Let n be 3 - -1 - (-17 - -17). Suppose 2*j + 2*z - 19 = -3*j, 4*j - 8 = -n*z. Let x(i) = -i**2 + 5*i + 6. What is x(j)?
6
Let g(y) be the first derivative of -y**2 - 47*y - 674. What is g(0)?
-47
Let s(x) be the first derivative of -x**3/3 - 7*x**2/2 + 6*x + 2. Suppose 0 = j - 4 + 2, -3*i + 1 = -j. Suppose k + i = -5. Give s(k).
12
Let b be (3/3)/(2/(-14)). Let q = 25 + b. Suppose -3*i + 6*i - q = 0. Let t(v) = v**3 - 7*v**2 + 8*v - 4. Determine t(i).
8
Suppose 0 = -g + 2 + 1. Suppose 3*d - w + 12 = g*w, 2*d - 2*w = -8. Let s(r) = r**3 + 5*r**2 + 5*r - 3. Determine s(d).
-7
Let q be 5 + -2 + -5 + -1. Let m be 2 + (-2 + 0 - q). Let l(k) = -k**3 + 7*k**2 - m*k - 4*k**2 + 0 + 3 + 2*k**2. Calculate l(2).
9
Let z(p) = -p**3 - 3*p**2 - 4. Suppose 0 = o - 5*b + 8 - 0, b = -5*o - 14. Let x be z(o). Let h = x - -2. Let q(v) = v + 1. Give q(h).
-1
Let n(v) = -v**2 + 1 + 20*v**3 - v + 0 + 0*v**2. Let b = -2201 - -2202. What is n(b)?
19
Let v(m) = 57*m - 52*m - 24*m - 2 + 1 - 24*m. Give v(-1).
42
Suppose 5*v - 12 - 3 = 0. Let c(m) = -2 + 8*m**3 + 4 - m - 18*m**v + 11*m**3 + m**2. What is c(2)?
12
Suppose -3 = 4*q - 19. Let f(n) = q*n + n**3 + n - 4*n**2 - n - 3*n - 5. Suppose -3*y - 5*h = 8, 12 = -6*h + 3*h. Give f(y).
-1
Suppose -4*n = 3 - 11. Let o(x) = 221*x**2 - 670*x**2 - x + 222*x**2 + 224*x**2. Calculate o(n).
-14
Let q(b) = b**3 + 7*b**2 + 10*b + 65. Let t be q(-7). Let y(g) = -g**3 - 5*g**2 + 2*g. Calculate y(t).
-10
Suppose 5*c - 8 = 7. Let w(b) = 2 - b**c + 8*b - 7*b**2 - 3*b**2 - 2*b + 15*b**2. Give w(6).
2
Let t(i) = 3*i + 2. Suppose 0 = -13*s - 25 - 27. What is t(s)?
-10
Let g be (0 - -5) + (16 - 19). Let v(l) = l**2 - 6*l + 7. Give v(g).
-1
Let h(n) = n**2 - n + 11. Let u be h(0). Suppose -5*v = -3*i + 38, 0 = -4*v + v + 3*i - 24. Let r = u + v. Let x(f) = -f**2 + 4*f + 2. Determine x(r).
2
Let d(x) = 13*x**3 - 3*x**2 - 4*x - 6. Let y(u) = -7*u**3 + 2*u**2 + 2*u + 3. Let k(i) = 4*d(i) + 7*y(i). Give k(-2).
-15
Let x(m) = 24*m - 9. Let r(g) = 40*g - 17. Let c(f) = -4*r(f) + 7*x(f). What is c(-2)?
-11
Suppose -3*w = 23 - 5. Let j(c) = 18*c**3 + 8*c - 13*c**3 - 5*c**2 + 9 - 6*c**3. Determine j(w).
-3
Let b(g) be the first derivative of g**3/3 + 2*g**2 - 38*g - 128. Determine b(-9).
7
Let r(k) be the third derivative of k**4/24 + 5*k**3/6 + 36*k**2. What is r(-7)?
-2
Let h(z) = -9*z**3 + 4*z**2 - 3*z - 6. Let x be h(-1). Let t(m) = -m**3 + 9*m**2 + 11*m - 15. Give t(x).
-5
Suppose 4*h = 16, -4*l = -2*h + 6*h + 28. Let t(u) = u + 7. What is t(l)?
-4
Let v = 79 + -78. Let l(g) = 1 - 3*g**3 + g**2 + 4*g - 5*g - g - g**3. What is l(v)?
-4
Suppose 4*h - 8 + 28 = 0. Let q = -5 - -7. Let s(z) = -z + 2 - 9 - 6*z + 0*z**2 - z**q. Calculate s(h).
3
Let b be (102/15)/((-2)/(-30)). Let x(z) = b*z - 103*z + 4 - 1. What is x(3)?
0
Let g(n) = -2*n - 22. Let r(a) = -3*a - 42. Let x(d) = -11*g(d) + 6*r(d). Give x(9).
26
Suppose -3*d + 4*q + 7 = -6*d, 26 = -4*d + 3*q. Let x(n) = n**2 + n - 4. Give x(d).
16
Let r(t) = -28*t**2 + 15*t**2 + 26*t + 15*t**2 - 89 + 28. Give r(-15).
-1
Let x(s) = 2*s**2 + 2*s**2 + 3 - s**3 - 5. Let p be x(4). Let z be 0 - 2 - p - -6. Let l(y) = 2*y + 1. Calculate l(z).
13
Let i(v) = v - 30. Let l be i(35). Let k(p) be the second derivative of 8*p - 1/4*p**4 - 1/2*p**2 - 1/20*p**l + 0 + 2/3*p**3. What is k(-4)?
-1
Let n = 18 - 18. Suppose -2 = -s - 5*z + 1, n = -5*s + 3*z - 13. Let p(w) be the second derivative of w**5/20 + w**4/6 + 2*w**3/3 + w**2 + 2*w. Calculate p(s).
-6
Let m be -2 - ((-246)/(-60) + 2/(-20)). Let y(l) = -5*l**2 + 10*l + 5. Let c(t) = t**2 - t - 1. Let p(b) = 6*c(b) + y(b). Calculate p(m).
11
Let m(p) = p**2 + 6 + 3*p - p**3 - 29 + 8 + 13. What is m(2)?
0
Let z(j) = 5*j**2 - 9*j + 1. Let b(q) = 14*q**2 - 26*q + 4. Let k(n) = 4*b(n) - 11*z(n). What is k(4)?
1
Let p(j) be the second derivative of 0 - 1/2*j**3 + 2*j**2 + 9*j. Give p(-3).
13
Let z = 222 + -221. Let w(b) = -b**3 + 2*b**2 - 2*b + 1. Give w(z).
0
Let l = 517 - 512. Let p(u) = -u**2 + 5*u + 10. Give p(l).
10
Let d(b) = -b**2 - 2*b + 8. Let o be 56/8*6/7. Calculate d(o).
-40
Let p(d) = 2*d + 23. Let k(o) = 5*o**2 + 14*o + 1. Let i be k(-2). Give p(i).
9
Let q = -38 - -41. Let x(t) = q + 48*t + 3*t**2 + t**3 - 6*t**2 + 52*t - 101*t. Determine x(3).
0
Suppose 30 = -17*v + 12*v. Let y be (8/3)/(v/(-9)). Let a(j) = j**2 - 4. Determine a(y).
12
Let s(d) = 9*d - 310. Let h be s(34). Let y(w) be the first derivative of w**4/4 + 5*w**3/3 + 5*w**2/2 + w - 4. Calculate y(h).
-3
Let i(d) = -2*d**2 + 2*d + d**2 - 393 + 401. Calculate i(6).
-16
Suppose -4 = 3*v + 11, -5*k + 2*v - 15 = 0. Let h(w) be the first derivative of -w**3/3 - 3*w**2 - 3*w - 3. Give h(k).
2
Let j(d) be the first derivative of -d**2 + 5*d - 2. Suppose 6*k - 5*q = 7*k - 10, 0 = -2*k + 3*q + 7. Give j(k).
-5
Let r(k) = 8*k - 14. Let q(d) = 150*d - 3 - 147*d - 2. Suppose 2*h = 3*p + 4, -2 + 14 = -h - 2*p. Let i(m) = h*r(m) + 11*q(m). Calculate i(-5).
-4
Let l(q) be the third derivative of -q**5/30 - q**4/8 + q**3/6 + 3*q**2 + 2*q. Determine l(-4).
-19
Let k be (-20)/(-4) - (-6 + 5). Let c(g) = g**2 - 9*g + 22. Calculate c(k).
4
Let i = -76 + 114. Let q(w) = 75 - i + w - 37. Let l(u) = 4*u - 1. Let t be l(1). Calculate q(t).
3
Let g(u) = u**3 + 5*u**2 + 2*u + 1. Let f be -1 + (-261)/(-6) - (-2)/4. Let a = -48 + f. Calculate g(a).
-9
Let y(g) = g - 1. Let v(r) = -30*r + 13*r + 19*r - 1. Let n(t) = 2*v(t) - 3*y(t). Calculate n(-5).
-4
Let w be -6 + 1*8/4. Let a be (w/(-4))/(2/6). Let g(o) = -4 - o + 2*o + a. Give g(1).
0
Let a(j) be the first derivative of -j**2 - 6*j + 5157. Let x(s) = -s - 2. Let g be x(3). Determine a(g).
4
Let o(z) be the first derivative of 2*z**3/3 - z**2/2 - z + 246. Give o(3).
14
Let f(c) be the third derivative of c**4/24 + c**3 - 4*c**2. Suppose 4*o + 45 = -5*w, -5*w + 2*o - 51 + 6 = 0. Give f(w).
-3
Let g(m) = m**2 + 6*m - 5. Let o = 19 - 10. Suppose -4*s = -o + 29. What is g(s)?
-10
Suppose 0 = -4*m - 0*m. Let y(o) = 4 - o + m + o**2 + o**3 - 3. Let t = 21 - 23. Calculate y(t).
-1
Suppose 3*n = -0*n - 15. Let a(y) = -8 + 2*y + 9 - y + 5. Calculate a(n).
1
Let a(u) be the second derivative of u**4/12 + 13*u**3/6 + 9*u**2/2 + 557*u. Calculate a(-11).
-13
Let w(y) = 2*y**2 - 10*y - 2. Let l(d) = -d**3 - d**2 + 5*d + 4. Let c be l(-3). Determine w(c).
26
Suppose 5*a + 20 = -0*a. Let f(h) be the first derivative of -2 - h**2 - 2*h + 1 - h - 3. Give f(a).
5
Let t(d) = -16*d**3 + 20*d**2 - 27. Let f(c) = 3*c**3 - 4*c**2 + 5. Let z(p) = 11*f(p) + 2*t(p). Give z(4).
1
Let j be 6*1/27 - (-203)/(-63). Let f(o) = -o**3 - 4*o**2 - 3*o + 2. Calculate f(j).
2
Suppose -4*w - 10 = 366. Let o = 89 + w. Let g(i) = -2*i**2 - 5*i + 1. Give g(o).
-24
Let h(x) = -x**2 - 6*x - 3. Let v(s) = 37*s - 3. Let d be v(-2). Let q = d + 71. What is h(q)?
-3
Let w(r) be the first derivative of -13*r**2/2 - r - 175. Give w(-1).
12
Let u(p) = 14 + 8*p + 20*p - 12 + p**3 - 28*p. Calculate u(-2).
-6
Suppose -96 = -70*f - 26*f. Let i(t) be the second derivative of t**4 - t**3/6 + t. Give i(f).
11
Let n be -12 - (1/1 + -7). Let c(r) = -2*r - 1. What is c(n)?
11
Let f(h) = 98 - 48 - h**3 - 6*h - 48 - 5*h**2 - 4*h**2. Calculate f(-8).
-14
Let r(w) = -w**3 - 16*w**2 + 5. Let x = 995 + -1011. Give r(x).
5
Let u(y) = -13*y**2 - y. Let w = -19 + 20. Let s be (3/(-9))/(w/3). Give u(s).
-12
Let c = -39 + 41. Let t(x) = 9 + 4*x + 2*x**2 - 13*x - x**c. Calculate t(6).
-9
Let p(i) be the third derivative of 0*i + 4/3*i**3 - 8*i**2 + 0 - 1/120*i**5 - 3/8*i**4. Let g(f) be the first derivative of p(f). Give g(-7).
-2
Let t(n) be the second derivative of -n**3 - 7/2*n**2 + 7*n + 1/120*n**6 + 5/24*n**4 + 0 - 1/10*n**5. Let h(i) be the first derivative of t(i). Determine h(5).
-6
Let d(c) = -c + 4. Let m = -12 - -20. Let h be d(m). Let z(a) be the second derivative of a**4/12 + 2*a**3/3 + 12*a. Calculate z(h).
0
Let o(r) = r**2 + r**3 + 3*r - 3*r - 5*r + 0*r**2 - 4. Let y be o(-3). Let u(w) = -w + 1. Determine u(y).
8
Let v(g) = 2*g**3 - 2*g**2 + g - 1. Let c(b) = b**3 - b**2 + 2*b - 2. Let w(h) = 3*c(h) - 2*v